(-12) + 1/3. Let v be ((-6)/10)/(4/u). Let c(n) = n - 3*n - 4*n + 3 + n. Give c(v).
-12
Let d(u) = -u**2 - 8*u - 5. Let s(c) = 2*c - 10. Let l be s(7). Suppose 42 = 5*a - 3*n, 3*a - 2*n = -3*n + 14. Suppose -5*q = -l*q + a. Determine d(q).
7
Suppose 2*b - 3 = 1. Let l(r) = -2*r**3 + 2 + r + 3*r**3 + 4*r**2 - 4*r**2 + 3*r**b. What is l(-3)?
-1
Let d(m) = -m**2 + 14*m - 6. Suppose 2*h + 3*b = -0*b + 35, -43 = -4*h + 3*b. Determine d(h).
7
Let k(i) be the second derivative of i**4/12 - 11*i**3/6 + 5*i**2/2 - 3*i. Let j = -76 + 87. Determine k(j).
5
Let b(i) = -4*i**2 - 5*i + 4*i + i**3 + 6 + 5*i - 6*i. Give b(4).
-2
Let r(i) = -1 - 4 - 13*i + 1 + 3. Suppose 0 = -8*d + 17 - 1. Suppose 3*a + 3*g - d - 4 = 0, 0 = 5*a + g + 2. What is r(a)?
12
Let w(f) be the third derivative of f**4/2 + f**3/6 - 5*f**2 + 11*f. Let n(r) = -r**3 - 3*r**2 - 1. Let q be n(-3). Give w(q).
-11
Suppose -17*v - 24 + 7 = 0. Let n(p) = -3*p**3 + p. What is n(v)?
2
Let v be ((-28)/(-6) + (-13)/39)*3. Let x(i) = i**3 - 13*i**2 + 8. Calculate x(v).
8
Let w be 147/4 + (-1)/(-4). Let a = w + -43. Let b(x) = x + 3. Calculate b(a).
-3
Let q(n) = -7*n + 2. Let w(c) = 4*c - 1. Let u(k) = -3*q(k) - 5*w(k). Let a = 194 - 186. What is u(a)?
7
Let l(n) = n**2 + 2*n - 2. Let i = 37 + -39. Let j be l(i). Let b(m) = -m**3 - 2*m**2 - 2*m. Calculate b(j).
4
Let j(u) = u + 15. Let t = 26 - 31. Determine j(t).
10
Let i(z) = z**3 - z**2 - z - 3. Suppose 7 = n + 2*m, 2*n + n - 29 = -4*m. Suppose 4*w + 5*s = 2, -3*s + 6*s + n = 3*w. Give i(w).
12
Let u(k) be the third derivative of -k**6/15 + k**5/60 - k**4/24 + k**3/6 - 59*k**2. Calculate u(1).
-7
Let p(s) = -s**2 - 5*s + 6. Suppose -55*o - 65 = -42*o. Give p(o).
6
Let b(j) be the third derivative of j**6/120 + j**5/20 - j**4/12 + j**3/2 + 104*j**2 + j. Give b(2).
19
Let l(z) = -4*z**3 - 17*z**2 - 3*z + 23. Let m(a) = -5*a**3 - 18*a**2 - a + 25. Let g(j) = -6*l(j) + 5*m(j). Give g(13).
-13
Suppose 9*s + 126 = 63. Let w(v) = v**3 + 7*v**2 + 4. Determine w(s).
4
Let p(d) = -d**2 - d - 2. Let a be p(0). Let w(y) = 190*y + 196*y + 2 - 388*y. Give w(a).
6
Let g be 6/(-39) + 1895/65. Let x = g + -19. Let a(b) = b**2 - 9*b - 2. Give a(x).
8
Let k(n) be the second derivative of 5*n**3/6 - 11*n**2/2 + 71*n. Calculate k(9).
34
Let z(r) = r**3 + 22*r**2 - 51*r - 73. Let i be z(-24). Let s(p) = 2*p**2 - 4*p - 3. Determine s(i).
3
Let t(a) = 1. Let b(s) = 3*s + 3. Let r(x) = -b(x) + 4*t(x). Determine r(-5).
16
Let b(k) = 0 - 25*k - 1 + 0 + 0 + 26*k. Let w be (-2)/9 - 65/(-9). Suppose -23 = -5*r + w. Give b(r).
5
Let o(m) = 1328*m**2 + 3*m - 660*m**2 - 10 - 667*m**2. Suppose -2*r + 1 = -z, 3*z + 2*r + 13 = -6. Determine o(z).
0
Let m(l) = 3*l + 4. Let u(b) = -b**2 - 17*b - 39. Let n be u(-3). Give m(n).
13
Suppose 527 = 9*a + 500. Let f(r) = -3*r + 2. Give f(a).
-7
Let y(h) = -2*h**3 - 2*h**2 + 1. Let g be -3 + -21 + -3 + 5. Let b be g/12 - (-2)/(-12). Give y(b).
9
Let w be 14/(-3) + 2/3. Let l be (-204)/(-54) + 2/9. Let r(n) = -l*n + 6 + 5*n + 2*n. Give r(w).
-6
Let c(r) = -2*r - 15. Suppose 9 - 31 = 5*w + 4*v, 3*w + 5*v + 8 = 0. What is c(w)?
-3
Suppose -9*s + 111 - 21 = 0. Let l(p) = -4*p + 3. Determine l(s).
-37
Let h = 35 - 36. Let r(a) be the second derivative of 3*a + 1/2*a**2 - 1/4*a**4 + 0*a**3 + 0. Give r(h).
-2
Let s(a) be the first derivative of -1/6*a**3 - 6 - 7/2*a**2 - 6*a. Let u(t) be the first derivative of s(t). Give u(-5).
-2
Let v(o) be the second derivative of o**3/6 - o**2/2 + 3*o. Let p be (-4)/(3*(48/18 - 2)). What is v(p)?
-3
Suppose 5*l + k - 14 = 0, -4*k - 16 = 2*l - 9*k. Let u(v) = 0*v - 3 - 2*v**3 + v**3 + 3*v**l + 7*v - 2*v. What is u(4)?
1
Let i(l) = -8*l - 9. Let x(z) = -15*z - 17. Let b(y) = -11*i(y) + 6*x(y). Suppose -w = -4*r + w - 18, -21 = 4*r - 5*w. Give b(r).
5
Let q(r) = -2*r + 1 - 3 + r. Let v = -41272 - -41267. What is q(v)?
3
Let q(u) = -u**2 + u. Let w(k) = 5*k**2 - 8*k - 9. Suppose 6 + 0 = 6*x. Let o(i) = x*w(i) + 4*q(i). Calculate o(7).
12
Let f(c) be the second derivative of c - 1/12*c**4 - 1/20*c**5 + 0 + 1/2*c**2 + 0*c**3. Let v(q) = -77*q - 461. Let r be v(-6). Give f(r).
-1
Suppose i + 17 = 4*s, -3*i + 10 = -8*i + 5*s. Let l(c) = 0 + i - c**2 - 4*c - 5. Determine l(-4).
-2
Let o(x) = -5*x**2 + 78*x - 74*x - x**3 + 0*x**2 + x**2. Give o(-4).
-16
Let g be -3 + 6 + (-4*1)/4. Let k(y) = -5*y - 2*y**g + 4*y**2 + 4 - 3*y**2. What is k(-4)?
8
Let f(d) = d**3 + 2 - d - 2*d**2 - 2*d**2 - 2*d**3 - d**2. Suppose 25 = 5*b - 0. Suppose 4 = b*c - 6*c. Calculate f(c).
-10
Let z(d) = d**3 - 3*d**2 - 2*d - 1. Let p = 860 - 856. What is z(p)?
7
Let x = -7 + 4. Let i(f) = -34*f + 270. Let q be i(8). Let l be (7/(-2) - x)*q. Let h(r) = 16*r**3 - 2*r**2 + r. Determine h(l).
15
Let m(x) be the second derivative of x**4/12 + x**3/3 + 2*x**2 - 3*x. Suppose -a + 2*h + 4 = 0, -a - 24 = 2*a + 3*h. What is m(a)?
12
Let t(f) = 7*f + 112. Let a be t(-16). Let l(v) be the third derivative of -2/3*v**3 + 9*v**2 + 1/12*v**4 + 0*v + a - 1/20*v**5 - 1/120*v**6. Give l(-4).
4
Let l(d) = -10 - 2*d - d + 3*d - 3*d + 13. Suppose -5*z = -28 + 8. Give l(z).
-9
Let m(l) = -2*l - 22. Let o(h) = -h - 10. Let r(y) = -3*m(y) + 7*o(y). Calculate r(-6).
2
Let m(t) = t**2 - 4*t - 3. Let w be (-6)/20*254 - 2/(-10). Let s = -72 - w. Give m(s).
-3
Let f(a) = 52598*a**2 - 1 - 26290*a**2 + a - 26298*a**2. What is f(2)?
41
Suppose 0*z + 66 = 6*z. Suppose -z*y + 4*y + 42 = 0. Let p(d) = -d**2 + 8*d - 4. What is p(y)?
8
Let t(u) = -u - 5. Let v = -40 + 37. Let b(o) = o + 4. Let y(j) = v*b(j) - 2*t(j). Suppose -4*n + 0*n = -20. Determine y(n).
-7
Let d(o) = -3*o - 7. Let n(z) = 3*z - 77. Let v be n(24). Determine d(v).
8
Let g be 18/7 + 351/(-63) + 5. Let c(l) = 7*l**3 - 4*l**2 + 4*l - 2. Give c(g).
46
Let m = 68 + -63. Suppose -m*s - 2*s = 7. Let n(v) = -8*v**3 + v**2 - v - 1. Calculate n(s).
9
Let s(q) = 2*q - 2*q**2 + 0*q**3 + 0*q - q**3. Let i(f) = -3*f + 27. Let j be i(10). What is s(j)?
3
Let c(s) = -7*s + 19. Let i(j) = 19*j - 55. Let n(u) = 8*c(u) + 3*i(u). Give n(-11).
-24
Let z(g) = -g. Let q be z(-1). Let n = 0 + q. Let r(d) = -d**3 + 3*d**2 + 5*d + 2*d**2 + n - 4 + 5. Give r(6).
-4
Let i(f) = f**2. Let s(t) = t**3 - t**2 - 5*t - 2. Let n(h) = -5*i(h) - s(h). What is n(-5)?
2
Let u(x) be the first derivative of 0*x + 2 - 3*x**2 - 1/24*x**4 - 1/3*x**3. Let j(i) be the second derivative of u(i). Determine j(3).
-5
Let i(g) be the first derivative of 5 - g + 1/2*g**2. Calculate i(5).
4
Suppose -4*j - 18 = -2*l, -1 = -3*l + 3*j + 20. Suppose -41 = l*b - 6. Let q(w) be the second derivative of -w**3/6 - 5*w**2/2 + 26*w + 33. Determine q(b).
2
Suppose 0 = 44*t + 187 + 165. Let v(h) = h + 8. Calculate v(t).
0
Let q(k) be the second derivative of k**5/20 + k**4/3 - 5*k**3/6 - 2*k**2 - 647*k. Let f(p) = p**2 - 9*p + 3. Let o be f(8). Determine q(o).
-4
Let m(z) = -z + 6. Let p be m(3). Let c(h) = 4 - 5*h + 4*h + p*h - 3. What is c(5)?
11
Let a(l) be the third derivative of -l**6/120 + l**5/30 + l**4/8 + l**3/3 - 2*l**2 + 20. What is a(3)?
2
Let z(y) = y. Let t(c) = -12*c - 2. Let h(p) = -t(p) - 10*z(p). Suppose -8 = -3*f + 7. Let q be 2/(-4) - f/2. What is h(q)?
-4
Let r(f) be the third derivative of -f**2 + 5/24*f**4 + 1/60*f**5 + 0 - 2/3*f**3 + 0*f. Suppose 10*k = -24 - 26. Determine r(k).
-4
Let j = 16 + -7. Let y = -6 + j. Suppose y = q - 0*q. Let b(g) = 2*g - 3. What is b(q)?
3
Suppose 350 - 35 = -105*u. Let d(t) = 5*t + 3. Determine d(u).
-12
Let h(z) be the third derivative of -z**5/60 - z**4/24 + z**3/6 - 350*z**2. What is h(1)?
-1
Let o be 1/(-3) + (-70)/(-168) + 0. Let t(i) be the third derivative of 0 + 1/3*i**3 + 0*i + o*i**4 - 1/60*i**5 + 4*i**2. What is t(3)?
-1
Let f(v) be the first derivative of -v**4/4 + 7*v**3/3 - 3*v + 239. Calculate f(7).
-3
Let g(t) = -18 + 4 - 3*t - 4*t + 6*t. Let q(y) = y + 13. Let b(r) = 5*g(r) + 6*q(r). Calculate b(-6).
2
Let k(p) = -2*p**2 - 7*p + 16. Let s(x) = 3*x**2 + 13*x - 28. Let t(n) = -11*k(n) - 6*s(n). Determine t(0).
-8
Let q = 7 - 4. Let m = 7 - q. Let w(i) = -i. Determine w(m).
-4
Let r be (-13)/((-104)/(-16)) - -13. Let h(j) = -j**2 + 12*j - 15. Determine h(r).
-4
Let i(h) be the third derivative of -h**6/120 - h**4/24 - h**3/6 - 2*h**2 - 6. What is i(-1)?
1
Let z(s) = -5*s - 7. Let y(r) = 16*r + 22. Let k